{"id":137,"date":"2017-12-16T09:29:11","date_gmt":"2017-12-16T08:29:11","guid":{"rendered":"http:\/\/heikerosenau.de\/?page_id=137"},"modified":"2023-05-01T13:17:49","modified_gmt":"2023-05-01T11:17:49","slug":"links","status":"publish","type":"page","link":"http:\/\/heikerosenau.de\/index.php\/links\/","title":{"rendered":"Links"},"content":{"rendered":"<div style=\"width: 1000px;\"><a href=\"https:\/\/kristalltherme-bad-wilsnack.de\/\" target=\"_blank\" rel=\"noopener\"><strong>Kristall-Therme in Bad-Wilsnack\u00a0<\/strong><\/a><strong><a href=\"https:\/\/kristalltherme-bad-wilsnack.de\/\">mit eigener Quelle <\/a><\/strong><br \/>\nMoor- und Thermalbad mit Therme<br \/>\nDas eisen- und jodhaltige Thermalsole-Heilwasser hat gesundheitsf\u00f6rdernde Wirkung. Sie k\u00f6nnen sich erholen und neue Lebenskraft sch\u00f6pfen. Die Therme hat eine eigene Quelle in Bad-Wilnack mit einer Temperatur von 39 \u00b0C und 16 Prozent Solegehalt.<\/p>\n<p><a href=\"http:\/\/www.wunderblutkirche.de\/index.php\/home\" target=\"_blank\" rel=\"noopener\">Bad-Wilsnack: Wunderblutkirche St. Nikolai<\/a><\/p>\n<p><a href=\"http:\/\/www.dieprignitz.de\/index.php?id=natur-urlaub\" target=\"_blank\" rel=\"noopener\">Sehensw\u00fcrdigkeiten in der Prignitz: http:\/\/www.dieprignitz.de<\/a><\/p>\n<p><a href=\"https:\/\/www.besucherzentrum-ruehstaedt.de\/\" target=\"_blank\" rel=\"noopener\">NABU Besucherzentrum R\u00fchst\u00e4dt<\/a><\/p>\n<p><a href=\"http:\/\/www.elbe-brandenburg-biosphaerenreservat.de\/\" target=\"_blank\" rel=\"noopener\">Biosph\u00e4renreservat Flusslandschaft Elbe-Brandenburg<\/a><\/p>\n<p><a href=\"http:\/\/www.wha-stiftung-perleberg.de\" target=\"_blank\" rel=\"noopener\">Perleberg: wha-stiftung f\u00fcr Perleberger Stadtgeschichte<\/a><\/p>\n<p><a href=\"https:\/\/www.wittenberge.de\/\" target=\"_blank\" rel=\"noopener\">Wittenberge, Altstadt an der Elbe, Singer-Uhren, Historisches Rathaus<\/a><\/p>\n<p><a href=\"http:\/\/www.sah-photo.de\" target=\"_blank\" rel=\"noopener\">Simone Ahrend, www.sah-photo.de<\/a><\/p>\n<\/div>\n","protected":false},"excerpt":{"rendered":"<p>Kristall-Therme in Bad-Wilsnack\u00a0mit eigener Quelle Moor- und Thermalbad mit Therme Das eisen- und jodhaltige Thermalsole-Heilwasser hat gesundheitsf\u00f6rdernde Wirkung. Sie k\u00f6nnen sich erholen und neue Lebenskraft sch\u00f6pfen. Die Therme hat eine eigene Quelle in Bad-Wilnack mit einer Temperatur von 39 \u00b0C und 16 Prozent Solegehalt. Bad-Wilsnack: Wunderblutkirche St. Nikolai Sehensw\u00fcrdigkeiten in der Prignitz: http:\/\/www.dieprignitz.de NABU Besucherzentrum&hellip; <a class=\"more-link\" href=\"http:\/\/heikerosenau.de\/index.php\/links\/\"><span class=\"screen-reader-text\">Links<\/span> weiterlesen<\/a><\/p>\n","protected":false},"author":1,"featured_media":0,"parent":0,"menu_order":0,"comment_status":"closed","ping_status":"closed","template":"","meta":[],"_links":{"self":[{"href":"http:\/\/heikerosenau.de\/index.php\/wp-json\/wp\/v2\/pages\/137"}],"collection":[{"href":"http:\/\/heikerosenau.de\/index.php\/wp-json\/wp\/v2\/pages"}],"about":[{"href":"http:\/\/heikerosenau.de\/index.php\/wp-json\/wp\/v2\/types\/page"}],"author":[{"embeddable":true,"href":"http:\/\/heikerosenau.de\/index.php\/wp-json\/wp\/v2\/users\/1"}],"replies":[{"embeddable":true,"href":"http:\/\/heikerosenau.de\/index.php\/wp-json\/wp\/v2\/comments?post=137"}],"version-history":[{"count":24,"href":"http:\/\/heikerosenau.de\/index.php\/wp-json\/wp\/v2\/pages\/137\/revisions"}],"predecessor-version":[{"id":298,"href":"http:\/\/heikerosenau.de\/index.php\/wp-json\/wp\/v2\/pages\/137\/revisions\/298"}],"wp:attachment":[{"href":"http:\/\/heikerosenau.de\/index.php\/wp-json\/wp\/v2\/media?parent=137"}],"curies":[{"name":"wp","href":"https:\/\/api.w.org\/{rel}","templated":true}]}}